[INFO] cloning repository https://github.com/caspark/rust-game-of-life-exercises
[INFO] running `Command { std: "git" "-c" "credential.helper=" "-c" "credential.helper=/workspace/cargo-home/bin/git-credential-null" "clone" "--bare" "https://github.com/caspark/rust-game-of-life-exercises" "/workspace/cache/git-repos/https%3A%2F%2Fgithub.com%2Fcaspark%2Frust-game-of-life-exercises", kill_on_drop: false }`
[INFO] [stderr] Cloning into bare repository '/workspace/cache/git-repos/https%3A%2F%2Fgithub.com%2Fcaspark%2Frust-game-of-life-exercises'...
[INFO] running `Command { std: "git" "rev-parse" "HEAD", kill_on_drop: false }`
[INFO] [stdout] 15774e7d894feeb3a1ff7b5dc30b7006d5e24e40
[INFO] checking caspark/rust-game-of-life-exercises against master#af3c6e733a40e671550e0f0f5aeecaa13772ba56 for pr-74989
[INFO] running `Command { std: "git" "clone" "/workspace/cache/git-repos/https%3A%2F%2Fgithub.com%2Fcaspark%2Frust-game-of-life-exercises" "/workspace/builds/worker-10/source", kill_on_drop: false }`
[INFO] [stderr] Cloning into '/workspace/builds/worker-10/source'...
[INFO] [stderr] done.
[INFO] validating manifest of git repo https://github.com/caspark/rust-game-of-life-exercises on toolchain af3c6e733a40e671550e0f0f5aeecaa13772ba56
[INFO] running `Command { std: "/workspace/cargo-home/bin/cargo" "+af3c6e733a40e671550e0f0f5aeecaa13772ba56" "read-manifest" "--manifest-path" "Cargo.toml", kill_on_drop: false }`
[INFO] started tweaking git repo https://github.com/caspark/rust-game-of-life-exercises
[INFO] removed workspace from git repo https://github.com/caspark/rust-game-of-life-exercises
[INFO] removed path dependency conway from git repo https://github.com/caspark/rust-game-of-life-exercises
[INFO] finished tweaking git repo https://github.com/caspark/rust-game-of-life-exercises
[INFO] tweaked toml for git repo https://github.com/caspark/rust-game-of-life-exercises written to /workspace/builds/worker-10/source/Cargo.toml
[INFO] crate git repo https://github.com/caspark/rust-game-of-life-exercises already has a lockfile, it will not be regenerated
[INFO] running `Command { std: "/workspace/cargo-home/bin/cargo" "+af3c6e733a40e671550e0f0f5aeecaa13772ba56" "fetch" "--locked" "--manifest-path" "Cargo.toml", kill_on_drop: false }`
[INFO] [stderr] warning: dependency (conway) specified without providing a local path, Git repository, or version to use. This will be considered an error in future versions
[INFO] [stderr]     Updating crates.io index
[INFO] [stderr] error: the lock file /workspace/builds/worker-10/source/Cargo.lock needs to be updated but --locked was passed to prevent this
[INFO] [stderr] If you want to try to generate the lock file without accessing the network, use the --offline flag.
[INFO] the lockfile is outdated, regenerating it
[INFO] running `Command { std: "/workspace/cargo-home/bin/cargo" "+af3c6e733a40e671550e0f0f5aeecaa13772ba56" "generate-lockfile" "--manifest-path" "Cargo.toml" "-Zno-index-update", kill_on_drop: false }`
[INFO] running `Command { std: "/workspace/cargo-home/bin/cargo" "+af3c6e733a40e671550e0f0f5aeecaa13772ba56" "fetch" "--locked" "--manifest-path" "Cargo.toml", kill_on_drop: false }`
[INFO] [stderr] warning: dependency (conway) specified without providing a local path, Git repository, or version to use. This will be considered an error in future versions
[INFO] [stderr]     Blocking waiting for file lock on package cache
[INFO] running `Command { std: "docker" "create" "-v" "/var/lib/crater-agent-workspace/builds/worker-10/target:/opt/rustwide/target:rw,Z" "-v" "/var/lib/crater-agent-workspace/builds/worker-10/source:/opt/rustwide/workdir:ro,Z" "-v" "/var/lib/crater-agent-workspace/cargo-home:/opt/rustwide/cargo-home:ro,Z" "-v" "/var/lib/crater-agent-workspace/rustup-home:/opt/rustwide/rustup-home:ro,Z" "-e" "SOURCE_DIR=/opt/rustwide/workdir" "-e" "CARGO_TARGET_DIR=/opt/rustwide/target" "-e" "CARGO_HOME=/opt/rustwide/cargo-home" "-e" "RUSTUP_HOME=/opt/rustwide/rustup-home" "-w" "/opt/rustwide/workdir" "-m" "1610612736" "--user" "0:0" "--network" "none" "rustops/crates-build-env@sha256:d92eaeed33fa75130ca1ee6c8a01d1ffb62bac859dfdfb3450e3e5d1c0146529" "/opt/rustwide/cargo-home/bin/cargo" "+af3c6e733a40e671550e0f0f5aeecaa13772ba56" "metadata" "--no-deps" "--format-version=1", kill_on_drop: false }`
[INFO] [stdout] 6c9a1fb94bd069b03d2030a03ee10fff56ddbdf6bfd2db6f6312e0d1487bacbd
[INFO] [stderr] WARNING: Your kernel does not support swap limit capabilities or the cgroup is not mounted. Memory limited without swap.
[INFO] running `Command { std: "docker" "start" "-a" "6c9a1fb94bd069b03d2030a03ee10fff56ddbdf6bfd2db6f6312e0d1487bacbd", kill_on_drop: false }`
[INFO] running `Command { std: "docker" "inspect" "6c9a1fb94bd069b03d2030a03ee10fff56ddbdf6bfd2db6f6312e0d1487bacbd", kill_on_drop: false }`
[INFO] running `Command { std: "docker" "rm" "-f" "6c9a1fb94bd069b03d2030a03ee10fff56ddbdf6bfd2db6f6312e0d1487bacbd", kill_on_drop: false }`
[INFO] [stdout] 6c9a1fb94bd069b03d2030a03ee10fff56ddbdf6bfd2db6f6312e0d1487bacbd
[INFO] running `Command { std: "docker" "create" "-v" "/var/lib/crater-agent-workspace/builds/worker-10/target:/opt/rustwide/target:rw,Z" "-v" "/var/lib/crater-agent-workspace/builds/worker-10/source:/opt/rustwide/workdir:ro,Z" "-v" "/var/lib/crater-agent-workspace/cargo-home:/opt/rustwide/cargo-home:ro,Z" "-v" "/var/lib/crater-agent-workspace/rustup-home:/opt/rustwide/rustup-home:ro,Z" "-e" "SOURCE_DIR=/opt/rustwide/workdir" "-e" "CARGO_TARGET_DIR=/opt/rustwide/target" "-e" "CARGO_INCREMENTAL=0" "-e" "RUST_BACKTRACE=full" "-e" "RUSTFLAGS=--cap-lints=forbid" "-e" "CARGO_HOME=/opt/rustwide/cargo-home" "-e" "RUSTUP_HOME=/opt/rustwide/rustup-home" "-w" "/opt/rustwide/workdir" "-m" "1610612736" "--user" "0:0" "--network" "none" "rustops/crates-build-env@sha256:d92eaeed33fa75130ca1ee6c8a01d1ffb62bac859dfdfb3450e3e5d1c0146529" "/opt/rustwide/cargo-home/bin/cargo" "+af3c6e733a40e671550e0f0f5aeecaa13772ba56" "check" "--frozen" "--all" "--all-targets" "--message-format=json", kill_on_drop: false }`
[INFO] [stdout] fcd4faf54b3f3a590dc82dfa43a7a026342491c5367cc91a71857aeca817cd94
[INFO] [stderr] WARNING: Your kernel does not support swap limit capabilities or the cgroup is not mounted. Memory limited without swap.
[INFO] running `Command { std: "docker" "start" "-a" "fcd4faf54b3f3a590dc82dfa43a7a026342491c5367cc91a71857aeca817cd94", kill_on_drop: false }`
[INFO] [stderr] warning: dependency (conway) specified without providing a local path, Git repository, or version to use. This will be considered an error in future versions
[INFO] [stderr]     Blocking waiting for file lock on package cache
[INFO] [stderr]    Compiling libc v0.2.77
[INFO] [stderr]    Compiling autocfg v1.0.1
[INFO] [stderr]    Compiling proc-macro2 v1.0.21
[INFO] [stderr]    Compiling unicode-xid v0.2.1
[INFO] [stderr]    Compiling version_check v0.9.2
[INFO] [stderr]    Compiling winapi-build v0.1.1
[INFO] [stderr]    Compiling serde v1.0.116
[INFO] [stderr]     Checking winapi v0.2.8
[INFO] [stderr]    Compiling ryu v1.0.5
[INFO] [stderr]    Compiling cfg-if v0.1.10
[INFO] [stderr]     Checking unicode-width v0.1.8
[INFO] [stderr]     Checking scopeguard v1.1.0
[INFO] [stderr]    Compiling rayon-core v1.8.0
[INFO] [stderr]    Compiling serde_json v1.0.57
[INFO] [stderr]     Checking itoa v0.4.6
[INFO] [stderr]    Compiling serde_derive v1.0.116
[INFO] [stderr]    Compiling sdl2 v0.34.3
[INFO] [stderr]     Checking regex-syntax v0.6.18
[INFO] [stderr]    Compiling game-of-life v0.2.0 (/opt/rustwide/workdir)
[INFO] [stderr]     Checking custom_error v1.7.1
[INFO] [stderr]     Checking itertools v0.9.0
[INFO] [stderr]    Compiling sdl2-sys v0.34.3
[INFO] [stderr]     Checking textwrap v0.11.0
[INFO] [stderr]     Checking log v0.4.11
[INFO] [stderr]    Compiling kernel32-sys v0.2.2
[INFO] [stderr]    Compiling cast v0.2.3
[INFO] [stderr]    Compiling crossbeam-utils v0.7.2
[INFO] [stderr]    Compiling memoffset v0.5.5
[INFO] [stderr]    Compiling crossbeam-epoch v0.8.2
[INFO] [stderr]    Compiling num-traits v0.2.12
[INFO] [stderr]    Compiling rayon v1.4.0
[INFO] [stderr]     Checking log v0.3.9
[INFO] [stderr]    Compiling proc-macro-error-attr v1.0.4
[INFO] [stderr]    Compiling proc-macro-error v1.0.4
[INFO] [stderr]    Compiling quote v1.0.7
[INFO] [stderr]     Checking criterion-plot v0.4.3
[INFO] [stderr]    Compiling syn v1.0.40
[INFO] [stderr]     Checking thread-id v2.0.0
[INFO] [stderr]     Checking memchr v0.1.11
[INFO] [stderr]     Checking atty v0.2.14
[INFO] [stderr]     Checking rand v0.4.6
[INFO] [stderr]     Checking num_cpus v1.13.0
[INFO] [stderr]     Checking crossbeam-channel v0.4.4
[INFO] [stderr]     Checking clap v2.33.3
[INFO] [stderr]     Checking thread_local v0.2.7
[INFO] [stderr]     Checking aho-corasick v0.5.3
[INFO] [stderr]     Checking regex v1.3.9
[INFO] [stderr]     Checking crossbeam-deque v0.7.3
[INFO] [stderr]     Checking regex v0.1.80
[INFO] [stderr]     Checking rand v0.3.23
[INFO] [stderr]     Checking plotters v0.2.15
[INFO] [stderr]     Checking env_logger v0.3.5
[INFO] [stderr]     Checking conway v0.3.0
[INFO] [stderr]     Checking bstr v0.2.13
[INFO] [stderr]     Checking serde_cbor v0.11.1
[INFO] [stderr]     Checking csv v1.1.3
[INFO] [stderr]     Checking tinytemplate v1.1.0
[INFO] [stderr]    Compiling structopt-derive v0.4.10
[INFO] [stderr]     Checking structopt v0.3.17
[INFO] [stdout] error[E0432]: unresolved import `conway::GameOfLife`
[INFO] [stdout]  --> src/ui.rs:7:5
[INFO] [stdout]   |
[INFO] [stdout] 7 | use conway::GameOfLife;
[INFO] [stdout]   |     ^^^^^^^^^^^^^^^^^^ no `GameOfLife` in the root
[INFO] [stdout] 
[INFO] [stdout] 
[INFO] [stdout] error[E0433]: failed to resolve: could not find `GameOfLiveBroken` in `conway`
[INFO] [stdout]   --> src/main.rs:95:30
[INFO] [stdout]    |
[INFO] [stdout] 95 |             Box::new(conway::GameOfLiveBroken::new(config.width, config.height))
[INFO] [stdout]    |                              ^^^^^^^^^^^^^^^^ could not find `GameOfLiveBroken` in `conway`
[INFO] [stdout] 
[INFO] [stdout] 
[INFO] [stdout] error[E0433]: failed to resolve: could not find `GameOfLifeSolution` in `conway`
[INFO] [stdout]   --> src/main.rs:98:30
[INFO] [stdout]    |
[INFO] [stdout] 98 |             Box::new(conway::GameOfLifeSolution::new(config.width, config.height))
[INFO] [stdout]    |                              ^^^^^^^^^^^^^^^^^^ could not find `GameOfLifeSolution` in `conway`
[INFO] [stdout] 
[INFO] [stdout] 
[INFO] [stdout] error[E0405]: cannot find trait `GameOfLife` in crate `conway`
[INFO] [stdout]   --> src/main.rs:93:35
[INFO] [stdout]    |
[INFO] [stdout] 93 |     let mut game: Box<dyn conway::GameOfLife> = match config.implementation {
[INFO] [stdout]    |                                   ^^^^^^^^^^ not found in `conway`
[INFO] [stdout] 
[INFO] [stdout] 
[INFO] [stdout] error[E0425]: cannot find function `load_and_apply_pattern` in crate `conway`
[INFO] [stdout]    --> src/main.rs:121:17
[INFO] [stdout]     |
[INFO] [stdout] 121 |         conway::load_and_apply_pattern(game.as_mut(), &pattern);
[INFO] [stdout]     |                 ^^^^^^^^^^^^^^^^^^^^^^ not found in `conway`
[INFO] [stdout] 
[INFO] [stdout] 
[INFO] [stdout] error[E0425]: cannot find function `apply_default_pattern` in crate `conway`
[INFO] [stdout]    --> src/main.rs:123:17
[INFO] [stdout]     |
[INFO] [stdout] 123 |         conway::apply_default_pattern(game.as_mut());
[INFO] [stdout]     |                 ^^^^^^^^^^^^^^^^^^^^^ not found in `conway`
[INFO] [stdout] 
[INFO] [stdout] 
[INFO] [stdout] error: aborting due to 6 previous errors
[INFO] [stdout] 
[INFO] [stdout] 
[INFO] [stdout] Some errors have detailed explanations: E0405, E0425, E0432, E0433.
[INFO] [stdout] 
[INFO] [stdout] For more information about an error, try `rustc --explain E0405`.
[INFO] [stdout] 
[INFO] [stderr] error: could not compile `game-of-life`.
[INFO] [stderr] 
[INFO] [stderr] To learn more, run the command again with --verbose.
[INFO] [stderr] warning: build failed, waiting for other jobs to finish...
[INFO] [stderr] error: build failed
[INFO] running `Command { std: "docker" "inspect" "fcd4faf54b3f3a590dc82dfa43a7a026342491c5367cc91a71857aeca817cd94", kill_on_drop: false }`
[INFO] running `Command { std: "docker" "rm" "-f" "fcd4faf54b3f3a590dc82dfa43a7a026342491c5367cc91a71857aeca817cd94", kill_on_drop: false }`
[INFO] [stdout] fcd4faf54b3f3a590dc82dfa43a7a026342491c5367cc91a71857aeca817cd94
